{"id":9817,"date":"2024-02-27T17:41:26","date_gmt":"2024-02-27T16:41:26","guid":{"rendered":"https:\/\/diagnosticimmobiliers.net\/?page_id=9817"},"modified":"2024-05-03T14:07:03","modified_gmt":"2024-05-03T12:07:03","slug":"contact-2","status":"publish","type":"page","link":"https:\/\/diagnosticimmobiliers.net\/index.php\/contact-2\/","title":{"rendered":"Contactez-nous"},"content":{"rendered":"\n<p class=\"has-medium-font-size\">Vous souhaitez \u00e9changer avec nous ? Nous sommes \u00e0 votre \u00e9coute.<\/p>\n\n\n\n<p class=\"has-medium-font-size\"><strong>Par t\u00e9l\u00e9phone : <\/strong><a href=\"tel:+33321625938\">+33 (0)3 21 62 59 38<\/a><\/p>\n\n\n\n<p class=\"has-medium-font-size\"><strong>En compl\u00e9tant le formulaire ci-dessous :<\/strong><\/p>\n\n\n<!-- ZOOM Forms Start -->\n\t\t\t<form id=\"wpzf-10010\" method=\"post\" action=\"https:\/\/diagnosticimmobiliers.net\/wp-admin\/admin-post.php\" class=\"wpzoom-forms_form\">\n\t\t\t<input type=\"hidden\" name=\"action\" value=\"wpzf_submit\" \/>\n\t\t\t<input type=\"hidden\" name=\"form_id\" value=\"10010\" \/>\n\t\t\t<input type=\"hidden\" id=\"_wpnonce\" name=\"_wpnonce\" value=\"4ead5f116f\" \/><input type=\"hidden\" name=\"_wp_http_referer\" value=\"\/index.php\/wp-json\/wp\/v2\/pages\/9817\" \/>\n\t\t\t\n\t\t\t\n<div class=\"wp-block-wpzoom-forms-form\">\n<div class=\"wp-block-group\">\n<div class=\"wp-block-columns\">\n<div class=\"wp-block-column\" style=\"flex-basis:100%\">\n<label for=\"input_name\"><label for=\"input_name\">Nom<\/label><sup class=\"wp-block-wpzoom-forms-required\">*<\/sup><\/label><input type=\"text\" name=\"wpzf_input_name\" id=\"input_name\" placeholder=\"\" required class=\"wp-block-wpzoom-forms-text-name-field fullwidth\"\/>\n\n\n\n<label for=\"input_email\"><label for=\"input_email\">Email<\/label><sup class=\"wp-block-wpzoom-forms-required\">*<\/sup><\/label><input type=\"email\" name=\"wpzf_input_email\" id=\"input_email\" placeholder=\"\" required data-replyto=\"true\" class=\"wp-block-wpzoom-forms-text-email-field fullwidth\"\/>\n\n\n\n<label for=\"input_36c14c75\"><label for=\"input_36c14c75\">T\u00e9l\u00e9phone<\/label><sup class=\"wp-block-wpzoom-forms-required\">*<\/sup><\/label><input type=\"tel\" name=\"wpzf_input_36c14c75\" id=\"input_36c14c75\" placeholder=\"\" required class=\"wp-block-wpzoom-forms-text-phone-field\"\/>\n\n\n\n<label for=\"input_message\"><label for=\"input_message\">Message<\/label><\/label><textarea name=\"wpzf_input_message\" id=\"input_message\" cols=\"55\" rows=\"10\" placeholder=\"\" class=\"wp-block-wpzoom-forms-textarea-field fullwidth\"><\/textarea>\n<\/div>\n<\/div>\n\n\n\n<div class=\"wp-block-columns\">\n<div class=\"wp-block-column\" style=\"flex-basis:30%\">\n<input type=\"submit\" id=\"input_submit\" value=\"Envoyer\" class=\"wp-block-wpzoom-forms-submit-field\"\/>\n<\/div>\n\n\n\n<div class=\"wp-block-column\" style=\"flex-basis:70%\">\n<p class=\"has-text-align-right\" style=\"font-size:16px\"> <strong class=\"has-accent-color has-text-color\">*<\/strong> Champs obligatoires<\/p>\n<\/div>\n<\/div>\n<\/div>\n<\/div>\n\n\t\t\t<input type=\"hidden\" name=\"wpzf_replyto\" value=\"wpzf_input_email\" \/><\/form>\n\t\t\t<!-- ZOOM Forms End -->\n\n\n<p class=\"has-medium-font-size\">Nous sommes ouverts du lundi au vendredi de 8h30 \u00e0 12h30 et de 13h30 \u00e0 18h15,<br>le samedi de 9h00 \u00e0 12h00.<\/p>\n","protected":false},"excerpt":{"rendered":"<p>Vous souhaitez \u00e9changer avec nous ? Nous sommes \u00e0 votre \u00e9coute. Par t\u00e9l\u00e9phone : +33 (0)3 21 62 59 38 En compl\u00e9tant le formulaire ci-dessous : Nous sommes ouverts du lundi au vendredi de 8h30 \u00e0 12h30 et de 13h30 \u00e0 18h15,le samedi de 9h00 \u00e0 12h00.<\/p>\n","protected":false},"author":1,"featured_media":10012,"parent":0,"menu_order":0,"comment_status":"closed","ping_status":"closed","template":"","meta":{"footnotes":""},"class_list":["post-9817","page","type-page","status-publish","has-post-thumbnail","hentry"],"yoast_head":"<!-- This site is optimized with the Yoast SEO plugin v22.7 - https:\/\/yoast.com\/wordpress\/plugins\/seo\/ -->\n<title>Contactez-nous -<\/title>\n<meta name=\"robots\" content=\"index, follow, max-snippet:-1, max-image-preview:large, max-video-preview:-1\" \/>\n<link rel=\"canonical\" href=\"https:\/\/diagnosticimmobiliers.net\/index.php\/contact-2\/\" \/>\n<meta property=\"og:locale\" content=\"fr_FR\" \/>\n<meta property=\"og:type\" content=\"article\" \/>\n<meta property=\"og:title\" content=\"Contactez-nous -\" \/>\n<meta property=\"og:description\" content=\"Vous souhaitez \u00e9changer avec nous ? Nous sommes \u00e0 votre \u00e9coute. Par t\u00e9l\u00e9phone : +33 (0)3 21 62 59 38 En compl\u00e9tant le formulaire ci-dessous : Nous sommes ouverts du lundi au vendredi de 8h30 \u00e0 12h30 et de 13h30 \u00e0 18h15,le samedi de 9h00 \u00e0 12h00.\" \/>\n<meta property=\"og:url\" content=\"https:\/\/diagnosticimmobiliers.net\/index.php\/contact-2\/\" \/>\n<meta property=\"article:modified_time\" content=\"2024-05-03T12:07:03+00:00\" \/>\n<meta property=\"og:image\" content=\"https:\/\/diagnosticimmobiliers.net\/wp-content\/uploads\/2024\/02\/iStock-1333538321-scaled.jpg\" \/>\n\t<meta property=\"og:image:width\" content=\"2560\" \/>\n\t<meta property=\"og:image:height\" content=\"962\" \/>\n\t<meta property=\"og:image:type\" content=\"image\/jpeg\" \/>\n<meta name=\"twitter:card\" content=\"summary_large_image\" \/>\n<meta name=\"twitter:label1\" content=\"Dur\u00e9e de lecture estim\u00e9e\" \/>\n\t<meta name=\"twitter:data1\" content=\"1 minute\" \/>\n<script type=\"application\/ld+json\" class=\"yoast-schema-graph\">{\"@context\":\"https:\/\/schema.org\",\"@graph\":[{\"@type\":\"WebPage\",\"@id\":\"https:\/\/diagnosticimmobiliers.net\/index.php\/contact-2\/\",\"url\":\"https:\/\/diagnosticimmobiliers.net\/index.php\/contact-2\/\",\"name\":\"Contactez-nous -\",\"isPartOf\":{\"@id\":\"https:\/\/diagnosticimmobiliers.net\/#website\"},\"primaryImageOfPage\":{\"@id\":\"https:\/\/diagnosticimmobiliers.net\/index.php\/contact-2\/#primaryimage\"},\"image\":{\"@id\":\"https:\/\/diagnosticimmobiliers.net\/index.php\/contact-2\/#primaryimage\"},\"thumbnailUrl\":\"https:\/\/diagnosticimmobiliers.net\/wp-content\/uploads\/2024\/02\/iStock-1333538321-scaled.jpg\",\"datePublished\":\"2024-02-27T16:41:26+00:00\",\"dateModified\":\"2024-05-03T12:07:03+00:00\",\"breadcrumb\":{\"@id\":\"https:\/\/diagnosticimmobiliers.net\/index.php\/contact-2\/#breadcrumb\"},\"inLanguage\":\"fr-FR\",\"potentialAction\":[{\"@type\":\"ReadAction\",\"target\":[\"https:\/\/diagnosticimmobiliers.net\/index.php\/contact-2\/\"]}]},{\"@type\":\"ImageObject\",\"inLanguage\":\"fr-FR\",\"@id\":\"https:\/\/diagnosticimmobiliers.net\/index.php\/contact-2\/#primaryimage\",\"url\":\"https:\/\/diagnosticimmobiliers.net\/wp-content\/uploads\/2024\/02\/iStock-1333538321-scaled.jpg\",\"contentUrl\":\"https:\/\/diagnosticimmobiliers.net\/wp-content\/uploads\/2024\/02\/iStock-1333538321-scaled.jpg\",\"width\":2560,\"height\":962,\"caption\":\"connected city worker\"},{\"@type\":\"BreadcrumbList\",\"@id\":\"https:\/\/diagnosticimmobiliers.net\/index.php\/contact-2\/#breadcrumb\",\"itemListElement\":[{\"@type\":\"ListItem\",\"position\":1,\"name\":\"Accueil\",\"item\":\"https:\/\/diagnosticimmobiliers.net\/\"},{\"@type\":\"ListItem\",\"position\":2,\"name\":\"Contactez-nous\"}]},{\"@type\":\"WebSite\",\"@id\":\"https:\/\/diagnosticimmobiliers.net\/#website\",\"url\":\"https:\/\/diagnosticimmobiliers.net\/\",\"name\":\"diagnosticimmobiliers.net\",\"description\":\"\",\"publisher\":{\"@id\":\"https:\/\/diagnosticimmobiliers.net\/#organization\"},\"potentialAction\":[{\"@type\":\"SearchAction\",\"target\":{\"@type\":\"EntryPoint\",\"urlTemplate\":\"https:\/\/diagnosticimmobiliers.net\/?s={search_term_string}\"},\"query-input\":\"required name=search_term_string\"}],\"inLanguage\":\"fr-FR\"},{\"@type\":\"Organization\",\"@id\":\"https:\/\/diagnosticimmobiliers.net\/#organization\",\"name\":\"Nord Pas-de-Calais Diagnostics\",\"url\":\"https:\/\/diagnosticimmobiliers.net\/\",\"logo\":{\"@type\":\"ImageObject\",\"inLanguage\":\"fr-FR\",\"@id\":\"https:\/\/diagnosticimmobiliers.net\/#\/schema\/logo\/image\/\",\"url\":\"https:\/\/diagnosticimmobiliers.net\/wp-content\/uploads\/2024\/02\/energie-loupe-copie-2.png\",\"contentUrl\":\"https:\/\/diagnosticimmobiliers.net\/wp-content\/uploads\/2024\/02\/energie-loupe-copie-2.png\",\"width\":1000,\"height\":949,\"caption\":\"Nord Pas-de-Calais Diagnostics\"},\"image\":{\"@id\":\"https:\/\/diagnosticimmobiliers.net\/#\/schema\/logo\/image\/\"}}]}<\/script>\n<!-- \/ Yoast SEO plugin. -->","yoast_head_json":{"title":"Contactez-nous -","robots":{"index":"index","follow":"follow","max-snippet":"max-snippet:-1","max-image-preview":"max-image-preview:large","max-video-preview":"max-video-preview:-1"},"canonical":"https:\/\/diagnosticimmobiliers.net\/index.php\/contact-2\/","og_locale":"fr_FR","og_type":"article","og_title":"Contactez-nous -","og_description":"Vous souhaitez \u00e9changer avec nous ? Nous sommes \u00e0 votre \u00e9coute. Par t\u00e9l\u00e9phone : +33 (0)3 21 62 59 38 En compl\u00e9tant le formulaire ci-dessous : Nous sommes ouverts du lundi au vendredi de 8h30 \u00e0 12h30 et de 13h30 \u00e0 18h15,le samedi de 9h00 \u00e0 12h00.","og_url":"https:\/\/diagnosticimmobiliers.net\/index.php\/contact-2\/","article_modified_time":"2024-05-03T12:07:03+00:00","og_image":[{"width":2560,"height":962,"url":"https:\/\/diagnosticimmobiliers.net\/wp-content\/uploads\/2024\/02\/iStock-1333538321-scaled.jpg","type":"image\/jpeg"}],"twitter_card":"summary_large_image","twitter_misc":{"Dur\u00e9e de lecture estim\u00e9e":"1 minute"},"schema":{"@context":"https:\/\/schema.org","@graph":[{"@type":"WebPage","@id":"https:\/\/diagnosticimmobiliers.net\/index.php\/contact-2\/","url":"https:\/\/diagnosticimmobiliers.net\/index.php\/contact-2\/","name":"Contactez-nous -","isPartOf":{"@id":"https:\/\/diagnosticimmobiliers.net\/#website"},"primaryImageOfPage":{"@id":"https:\/\/diagnosticimmobiliers.net\/index.php\/contact-2\/#primaryimage"},"image":{"@id":"https:\/\/diagnosticimmobiliers.net\/index.php\/contact-2\/#primaryimage"},"thumbnailUrl":"https:\/\/diagnosticimmobiliers.net\/wp-content\/uploads\/2024\/02\/iStock-1333538321-scaled.jpg","datePublished":"2024-02-27T16:41:26+00:00","dateModified":"2024-05-03T12:07:03+00:00","breadcrumb":{"@id":"https:\/\/diagnosticimmobiliers.net\/index.php\/contact-2\/#breadcrumb"},"inLanguage":"fr-FR","potentialAction":[{"@type":"ReadAction","target":["https:\/\/diagnosticimmobiliers.net\/index.php\/contact-2\/"]}]},{"@type":"ImageObject","inLanguage":"fr-FR","@id":"https:\/\/diagnosticimmobiliers.net\/index.php\/contact-2\/#primaryimage","url":"https:\/\/diagnosticimmobiliers.net\/wp-content\/uploads\/2024\/02\/iStock-1333538321-scaled.jpg","contentUrl":"https:\/\/diagnosticimmobiliers.net\/wp-content\/uploads\/2024\/02\/iStock-1333538321-scaled.jpg","width":2560,"height":962,"caption":"connected city worker"},{"@type":"BreadcrumbList","@id":"https:\/\/diagnosticimmobiliers.net\/index.php\/contact-2\/#breadcrumb","itemListElement":[{"@type":"ListItem","position":1,"name":"Accueil","item":"https:\/\/diagnosticimmobiliers.net\/"},{"@type":"ListItem","position":2,"name":"Contactez-nous"}]},{"@type":"WebSite","@id":"https:\/\/diagnosticimmobiliers.net\/#website","url":"https:\/\/diagnosticimmobiliers.net\/","name":"diagnosticimmobiliers.net","description":"","publisher":{"@id":"https:\/\/diagnosticimmobiliers.net\/#organization"},"potentialAction":[{"@type":"SearchAction","target":{"@type":"EntryPoint","urlTemplate":"https:\/\/diagnosticimmobiliers.net\/?s={search_term_string}"},"query-input":"required name=search_term_string"}],"inLanguage":"fr-FR"},{"@type":"Organization","@id":"https:\/\/diagnosticimmobiliers.net\/#organization","name":"Nord Pas-de-Calais Diagnostics","url":"https:\/\/diagnosticimmobiliers.net\/","logo":{"@type":"ImageObject","inLanguage":"fr-FR","@id":"https:\/\/diagnosticimmobiliers.net\/#\/schema\/logo\/image\/","url":"https:\/\/diagnosticimmobiliers.net\/wp-content\/uploads\/2024\/02\/energie-loupe-copie-2.png","contentUrl":"https:\/\/diagnosticimmobiliers.net\/wp-content\/uploads\/2024\/02\/energie-loupe-copie-2.png","width":1000,"height":949,"caption":"Nord Pas-de-Calais Diagnostics"},"image":{"@id":"https:\/\/diagnosticimmobiliers.net\/#\/schema\/logo\/image\/"}}]}},"_links":{"self":[{"href":"https:\/\/diagnosticimmobiliers.net\/index.php\/wp-json\/wp\/v2\/pages\/9817","targetHints":{"allow":["GET"]}}],"collection":[{"href":"https:\/\/diagnosticimmobiliers.net\/index.php\/wp-json\/wp\/v2\/pages"}],"about":[{"href":"https:\/\/diagnosticimmobiliers.net\/index.php\/wp-json\/wp\/v2\/types\/page"}],"author":[{"embeddable":true,"href":"https:\/\/diagnosticimmobiliers.net\/index.php\/wp-json\/wp\/v2\/users\/1"}],"replies":[{"embeddable":true,"href":"https:\/\/diagnosticimmobiliers.net\/index.php\/wp-json\/wp\/v2\/comments?post=9817"}],"version-history":[{"count":7,"href":"https:\/\/diagnosticimmobiliers.net\/index.php\/wp-json\/wp\/v2\/pages\/9817\/revisions"}],"predecessor-version":[{"id":10017,"href":"https:\/\/diagnosticimmobiliers.net\/index.php\/wp-json\/wp\/v2\/pages\/9817\/revisions\/10017"}],"wp:featuredmedia":[{"embeddable":true,"href":"https:\/\/diagnosticimmobiliers.net\/index.php\/wp-json\/wp\/v2\/media\/10012"}],"wp:attachment":[{"href":"https:\/\/diagnosticimmobiliers.net\/index.php\/wp-json\/wp\/v2\/media?parent=9817"}],"curies":[{"name":"wp","href":"https:\/\/api.w.org\/{rel}","templated":true}]}}